ulate the remainder when 441 is divided by 37.
34
What is the remainder when 322 is divided by 9?
7
Calculate the remainder when 695 is divided by 64.
55
Calculate the remainder when 1372 is divided by 43.
39
Calculate the remainder when 318 is divided by 9.
3
What is the remainder when 1119 is divided by 17?
14
What is the remainder when 1626 is divided by 26?
14
What is the remainder when 146 is divided by 58?
30
Calculate the remainder when 102 is divided by 41.
20
What is the remainder when 29103 is divided by 27?
24
Calculate the remainder when 103 is divided by 36.
31
What is the remainder when 34 is divided by 26?
8
What is the remainder when 1238 is divided by 1234?
4
What is the remainder when 180 is divided by 13?
11
Calculate the remainder when 405 is divided by 24.
21
What is the remainder when 824 is divided by 81?
14
Calculate the remainder when 1810 is divided by 49.
46
What is the remainder when 368 is divided by 31?
27
What is the remainder when 230 is divided by 4?
2
What is the remainder when 3430 is divided by 38?
10
Calculate the remainder when 345 is divided by 187.
158
Calculate the remainder when 39 is divided by 15.
9
What is the remainder when 76 is divided by 20?
16
Calculate the remainder when 758 is divided by 38.
36
Calculate the remainder when 1544 is divided by 10.
4
Calculate the remainder when 177 is divided by 94.
83
Calculate the remainder when 956 is divided by 66.
32
What is the remainder when 86 is divided by 23?
17
What is the remainder when 3401 is divided by 81?
80
Calculate the remainder when 260 is divided by 82.
14
Calculate the remainder when 147 is divided by 39.
30
Calculate the remainder when 2343 is divided by 25.
18
Calculate the remainder when 385 is divided by 18.
7
What is the remainder when 42 is divided by 35?
7
What is the remainder when 71 is divided by 33?
5
What is the remainder when 327 is divided by 88?
63
What is the remainder when 208 is divided by 24?
16
What is the remainder when 1044 is divided by 7?
1
What is the remainder when 1133 is divided by 110?
33
Calculate the remainder when 2925 is divided by 146.
5
What is the remainder when 778 is divided by 11?
8
What is the remainder when 61 is divided by 23?
15
Calculate the remainder when 497 is divided by 84.
77
Calculate the remainder when 90 is divided by 13.
12
What is the remainder when 357 is divided by 40?
37
Calculate the remainder when 336 is divided by 85.
81
What is the remainder when 1761 is divided by 68?
61
What is the remainder when 1020 is divided by 271?
207
What is the remainder when 1630 is divided by 51?
49
What is the remainder when 226 is divided by 57?
55
What is the remainder when 2084 is divided by 5?
4
Calculate the remainder when 190 is divided by 33.
25
Calculate the remainder when 149 is divided by 17.
13
Calculate the remainder when 36 is divided by 5.
1
What is the remainder when 1258 is divided by 28?
26
What is the remainder when 263 is divided by 86?
5
What is the remainder when 1042 is divided by 992?
50
Calculate the remainder when 12092 is divided by 48.
44
What is the remainder when 113840 is divided by 273?
272
Calculate the remainder when 1139 is divided by 20.
19
Calculate the remainder when 107 is divided by 17.
5
Calculate the remainder when 228 is divided by 49.
32
Calculate the remainder when 2027 is divided by 119.
4
Calculate the remainder when 3021 is divided by 752.
13
Calculate the remainder when 1275 is divided by 128.
123
Calculate the remainder when 42 is divided by 23.
19
What is the remainder when 107 is divided by 41?
25
Calculate the remainder when 562 is divided by 22.
12
Calculate the remainder when 281 is divided by 29.
20
Calculate the remainder when 228 is divided by 60.
48
What is the remainder when 5755 is divided by 8?
3
What is the remainder when 655 is divided by 8?
7
Calculate the remainder when 333 is divided by 8.
5
Calculate the remainder when 1099 is divided by 55.
54
Calculate the remainder when 8026 is divided by 146.
142
What is the remainder when 409 is divided by 6?
1
What is the remainder when 223 is divided by 28?
27
What is the remainder when 1296 is divided by 118?
116
What is the remainder when 183 is divided by 43?
11
What is the remainder when 111 is divided by 20?
11
What is the remainder when 29 is divided by 6?
5
Calculate the remainder when 1383 is divided by 174.
165
Calculate the remainder when 202 is divided by 17.
15
Calculate the remainder when 1128 is divided by 124.
12
What is the remainder when 43 is divided by 25?
18
Calculate the remainder when 808 is divided by 30.
28
Calculate the remainder when 88 is divided by 3.
1
What is the remainder when 401 is divided by 3?
2
What is the remainder when 2598 is divided by 40?
38
Calculate the remainder when 1969 is divided by 10.
9
Calculate the remainder when 283 is divided by 19.
17
What is the remainder when 613 is divided by 22?
19
Calculate the remainder when 587 is divided by 5.
2
Calculate the remainder when 3559 is divided by 178.
177
What is the remainder when 39 is divided by 4?
3
What is the remainder when 659 is divided by 646?
13
Calculate the remainder when 33 is divided by 27.
6
What is the remainder when 1072 is divided by 16?
0
Calculate the remainder when 236 is divided by 27.
20
Calculate the remainder when 1087 is divided by 28.
23
Calculate the remainder when 38 is divided by 2.
0
What is the remainder when 433 is divided by 19?
15
Calculate the remainder when 14353 is divided by 33.
31
Calculate the remainder when 233 is divided by 4.
1
Calculate the remainder when 14694 is divided by 11.
9
Calculate the remainder when 718 is divided by 80.
78
What is the remainder when 503 is divided by 42?
41
Calculate the remainder when 236 is divided by 53.
24
Calculate the remainder when 2882 is divided by 39.
35
What is the remainder when 6949 is divided by 142?
133
What is the remainder when 3862 is divided by 3837?
25
Calculate the remainder when 1076 is divided by 214.
6
Calculate the remainder when 3321 is divided by 19.
15
What is the remainder when 581 is divided by 11?
9
What is the remainder when 651 is divided by 80?
11
What is the remainder when 2111 is divided by 7?
4
What is the remainder when 192 is divided by 52?
36
What is the remainder when 126 is divided by 2?
0
Calculate the remainder when 3692 is divided by 176.
172
Calculate the remainder when 109 is divided by 14.
11
What is the remainder when 2811 is divided by 148?
147
Calculate the remainder when 160 is divided by 134.
26
What is the remainder when 37 is divided by 30?
7
What is the remainder when 267 is divided by 17?
12
What is the remainder when 33 is divided by 5?
3
What is the remainder when 3685 is divided by 1215?
40
Calculate the remainder when 671 is divided by 173.
152
What is the remainder when 20147 is divided by 62?
59
What is the remainder when 410 is divided by 122?
44
What is the remainder when 199 is divided by 62?
13
What is the remainder when 113 is divided by 113?
0
What is the remainder when 2210 is divided by 79?
77
Calculate the remainder when 22 is divided by 20.
2
Calculate the remainder when 1473 is divided by 135.
123
Calculate the remainder when 325 is divided by 115.
95
Calculate the remainder when 25 is divided by 10.
5
Calculate the remainder when 241 is divided by 32.
17
What is the remainder when 141 is divided by 18?
15
Calculate the remainder when 615 is divided by 14.
13
What is the remainder when 169 is divided by 63?
43
Calculate the remainder when 3574 is divided by 73.
70
What is the remainder when 4280 is divided by 25?
5
What is the remainder when 305 is divided by 292?
13
Calculate the remainder when 568 is divided by 9.
1
Calculate the remainder when 438 is divided by 172.
94
What is the remainder when 228 is divided by 80?
68
What is the remainder when 103 is divided by 30?
13
Calculate the remainder when 632 is divided by 51.
20
What is the remainder when 398 is divided by 151?
96
Calculate the remainder when 1296 is divided by 333.
297
Calculate the remainder when 476 is divided by 83.
61
What is the remainder when 88 is divided by 6?
4
Calculate the remainder when 10343 is divided by 52.
47
Calculate the remainder when 5538 is divided by 277.
275
What is 